{"id":14673,"date":"2017-03-30T16:44:12","date_gmt":"2017-03-30T16:44:12","guid":{"rendered":"http:\/\/bienesybienes.com\/portal\/?page_id=14673"},"modified":"2024-01-23T08:57:04","modified_gmt":"2024-01-23T13:57:04","slug":"politica-de-tratamiento-de-datos","status":"publish","type":"page","link":"https:\/\/bienesybienes.com\/portal\/politica-de-tratamiento-de-datos\/","title":{"rendered":"Pol\u00edtica de tratamiento de datos"},"content":{"rendered":"<div class=\"fusion-fullwidth fullwidth-box fusion-builder-row-1 hundred-percent-fullwidth non-hundred-percent-height-scrolling\" style=\"background-color: #ffffff;background-position: center center;background-repeat: no-repeat;padding-top:0px;padding-right:0px;padding-bottom:0px;padding-left:0px;margin-bottom: 0px;margin-top: 0px;border-width: 0px 0px 0px 0px;border-color:#eae9e9;border-style:solid;\" ><div class=\"fusion-builder-row fusion-row\"><div class=\"fusion-layout-column fusion_builder_column fusion-builder-column-0 fusion_builder_column_1_1 1_1 fusion-one-full fusion-column-first fusion-column-last\" style=\"margin-top:0px;margin-bottom:20px;\"><div class=\"fusion-column-wrapper fusion-flex-column-wrapper-legacy\" style=\"background-position:left top;background-blend-mode: overlay;background-repeat:no-repeat;-webkit-background-size:cover;-moz-background-size:cover;-o-background-size:cover;background-size:cover;padding: 0px 0px 0px 0px;\"><style type=\"text\/css\"><\/style><div class=\"fusion-title title fusion-title-1 fusion-title-center fusion-title-text fusion-title-size-two\" style=\"font-size:25px;margin-top:0px;margin-right:0px;margin-bottom:30px;margin-left:0px;\"><div class=\"title-sep-container title-sep-container-left\"><div class=\"title-sep sep-single sep-solid\" style=\"border-color:#e0dede;\"><\/div><\/div><h2 class=\"title-heading-center fusion-responsive-typography-calculated\" style=\"margin:0;font-size:1em;--fontSize:25;line-height:1.5;\">Aviso de privacidad<\/h2><div class=\"title-sep-container title-sep-container-right\"><div class=\"title-sep sep-single sep-solid\" style=\"border-color:#e0dede;\"><\/div><\/div><\/div><div class=\"fusion-text fusion-text-1\"><p style=\"font-weight: 400;\"><em>De conformidad con lo dispuesto en la Ley Estatutaria 1581 de 2012, por la cual se dictan disposiciones generales para la protecci\u00f3n de datos personales y por el decreto 1377 de 2013 que reglamenta parcialmente dicha ley , BIENES &amp; BIENES S.A.S sociedad\u00a0 colombiana, identificada con NIT 890.942.513-8 y la persona jur\u00eddica, patrimonio aut\u00f3nomo y \/o cualquier otro ente jur\u00eddico, con el cual se tenga relaci\u00f3n jur\u00eddica, alianza comercial y\/o acuerdo vigente, se permite informar que ha venido incorporando en sus diferentes bases de datos informaci\u00f3n de car\u00e1cter personal que se ha obtenido a trav\u00e9s de sus diferentes canales de atenci\u00f3n y\/o con raz\u00f3n a las relaciones de tipo contractual o precontractual en desarrollo del giro ordinario de su actividad econ\u00f3mica. BIENES &amp; BIENES S.A.S y la persona jur\u00eddica, patrimonio aut\u00f3nomo y \/o cualquier otro ente jur\u00eddico, con el cual se tenga relaci\u00f3n jur\u00eddica, alianza comercial y\/o acuerdo vigente, informa que en cumplimiento de la Ley 1581, ha adoptado las medidas de tipo legal, t\u00e9cnicas y administrativas necesarias para evitar la p\u00e9rdida, acceso o alteraci\u00f3n de los datos personales a los cuales damos tratamiento, de igual forma a trav\u00e9s de estas medidas nuestro objetivo es garantizar la seguridad e integridad de este tipo de datos durante todo el tratamiento que realicemos a este tipo de informaci\u00f3n. Los titulares de la informaci\u00f3n a trav\u00e9s de su consentimiento aceptan libre, expresa y de forma inequ\u00edvoca que sus datos personales sean tratados por parte de BIENES &amp; BIENES S.A.S y la persona jur\u00eddica, patrimonio aut\u00f3nomo y \/o cualquier otro ente jur\u00eddico, con el cual se tenga relaci\u00f3n jur\u00eddica, alianza comercial y\/o acuerdo vigente, para realizar las siguientes finalidades:<\/em><\/p>\n<ol style=\"font-weight: 400;\">\n<li><em>Gestionar una correcta prestaci\u00f3n de los servicios.<\/em><\/li>\n<li><em>Informar sobre nuestros productos y\/o servicios propios o por cuenta de otros, sobre la construcci\u00f3n, gerencia, promoci\u00f3n, venta y administraci\u00f3n de proyectos o programas inmobiliarios, promoci\u00f3n de negocios de urbanizaci\u00f3n o parcelaci\u00f3n.<\/em><\/li>\n<li><em>Informar sobre cambios en las pol\u00edticas de tratamiento de la informaci\u00f3n.<\/em><\/li>\n<li><em>Tramitar encargos, solicitudes o cualquier tipo de petici\u00f3n que sea realizada por el usuario a trav\u00e9s de cualquiera de las formas de contacto que se ponen a disposici\u00f3n del usuario en el sitio web de la compa\u00f1\u00eda.<\/em><\/li>\n<li><em>Gestionar de forma correcta la protecci\u00f3n y el ejercicio de los derechos que tienen los accionistas de BIENES &amp; BIENES S.A.S y la persona jur\u00eddica, patrimonio aut\u00f3nomo y \/o cualquier otro ente jur\u00eddico, con el cual se tenga relaci\u00f3n jur\u00eddica, alianza comercial y\/o acuerdo vigente.<\/em><\/li>\n<li><em>Enviar boletines informativos.<\/em><\/li>\n<li><em>Elaborar estudios estad\u00edsticos.<\/em><\/li>\n<li><em>Gestionar las relaciones contractuales laborales y comerciales adquiridas de una forma correcta.<\/em><\/li>\n<li><em>Gestionar procesos de cobranzas prejudiciales y judiciales.<\/em><\/li>\n<li><em>Gestionar requerimientos de autoridades administrativas y judiciales en cumplimiento de sus funciones.<\/em><\/li>\n<\/ol>\n<p style=\"font-weight: 400;\"><em>Enviar de forma eventual comunicaciones comerciales y publicitarias por cualquiera de los medios que se relacionan a continuaci\u00f3n, tales como correo electr\u00f3nico, SMS, MENSAJES DE DATOS, REDES SOCIALES o cualquier otro medio electr\u00f3nico o f\u00edsico conocido en el presente o futuro, que haga posible realizar comunicaciones de tipo comercial y\/o publicitario.<\/em><\/p>\n<p style=\"font-weight: 400;\"><em>Dichas comunicaciones comerciales ser\u00e1n relacionadas sobre productos o servicios ofrecidos por BIENES &amp; BIENES S.A.S y la persona jur\u00eddica, patrimonio aut\u00f3nomo y \/o cualquier otro ente jur\u00eddico, con el cual se tenga relaci\u00f3n jur\u00eddica, alianza comercial y\/o acuerdo vigente o sus afiliados, aliados comerciales y\/o estrat\u00e9gicos con los que se pacte alg\u00fan acuerdo de promoci\u00f3n comercial entre sus clientes.<\/em><\/p>\n<p style=\"font-weight: 400;\"><em>Autorizo a BIENES &amp; BIENES S.A.S y la persona jur\u00eddica, patrimonio aut\u00f3nomo y \/o cualquier otro ente jur\u00eddico, con el cual se tenga relaci\u00f3n jur\u00eddica, alianza comercial y\/o acuerdo vigente,, para que, en caso de ser necesario, se env\u00eden mis datos a terceros para los fines del tratamiento autorizado o para prop\u00f3sitos de almacenamiento o eventuales servicios de Software como Servicio o SAAS que BIENES &amp; BIENES S.A.S, contrate o requiera.<\/em><\/p>\n<p style=\"font-weight: 400;\"><strong><em>Otras finalidades:<\/em><\/strong><em>\u00a0Salvo que usted como titular de los datos personales revoque su autorizaci\u00f3n para las finalidades que se determinan a continuaci\u00f3n, le informamos que en el evento de ser necesario sus datos personales relativos a nombre, apellido, domicilio, direcci\u00f3n electr\u00f3nica, tel\u00e9fono fijo y celular, podr\u00e1n ser cedidos para ser seleccionados como destinatarios de ofertas comerciales que puedan ser de su inter\u00e9s por parte de otras entidades de sectores econ\u00f3micos como el asegurador, operadores de telecomunicaciones, ocio, financiero, servicios p\u00fablicos, educaci\u00f3n, salud, sector real, con las cuales las empresas de BIENES &amp; BIENES S.A.S y la persona jur\u00eddica, patrimonio aut\u00f3nomo y \/o cualquier otro ente jur\u00eddico, con el cual se tenga relaci\u00f3n jur\u00eddica, alianza comercial y\/o acuerdo vigente, genere o tenga alianzas o acuerdos. BIENES &amp; BIENES S.A.S garantiza en todo momento a los titulares de informaci\u00f3n de car\u00e1cter personal el ejercicio de los derechos de acceso, rectificaci\u00f3n, cancelaci\u00f3n en los t\u00e9rminos dispuestos en la legislaci\u00f3n vigente, los cuales est\u00e1n descritos de una forma clara y legible en nuestro\u00a0<\/em><em>\u201cManual Interno de Pol\u00edticas y Procedimientos para la Protecci\u00f3n de Datos personales\u201d.<\/em><\/p>\n<\/div><style type=\"text\/css\"><\/style><div class=\"fusion-title title fusion-title-2 fusion-title-center fusion-title-text fusion-title-size-two\" style=\"font-size:25px;margin-top:0px;margin-right:0px;margin-bottom:30px;margin-left:0px;\"><div class=\"title-sep-container title-sep-container-left\"><div class=\"title-sep sep-single sep-solid\" style=\"border-color:#e0dede;\"><\/div><\/div><h2 class=\"title-heading-center fusion-responsive-typography-calculated\" style=\"margin:0;font-size:1em;--fontSize:25;line-height:1.5;\">Pol\u00edtica de tratamiento de la informaci\u00f3n<\/h2><div class=\"title-sep-container title-sep-container-right\"><div class=\"title-sep sep-single sep-solid\" style=\"border-color:#e0dede;\"><\/div><\/div><\/div><div class=\"fusion-text fusion-text-2\"><p><i>Para BIENES &amp; BIENES S.A.S y la persona jur\u00eddica, patrimonio aut\u00f3nomo y \/o cualquier otro ente jur\u00eddico, con el cual se tenga relaci\u00f3n jur\u00eddica, alianza comercial y\/o acuerdo vigente, en calidad de responsable del tratamiento de la informaci\u00f3n personal de sus, clientes, colaboradores, contratistas y\/o proveedores, entendiendo estos como personas naturales, sujetos de los derechos que otorga la normatividad vigente en materia de protecci\u00f3n de datos, es de suma importancia garantizar en todo momento la seguridad de sus datos personales. De acuerdo con lo contemplado en la normatividad vigente y aplicable en materia de protecci\u00f3n de datos, BIENES &amp; BIENES S.A.S y la persona jur\u00eddica, patrimonio aut\u00f3nomo y \/o cualquier otro ente jur\u00eddico, con el cual se tenga relaci\u00f3n jur\u00eddica, alianza comercial y\/o acuerdo vigente, se compromete a dar el tratamiento adecuado a todos y cada uno de los datos personales que le sean facilitados y que a su vez son incorporados en nuestras bases de datos y\/o archivos con las finalidades espec\u00edficas para lo cual fueron entregados.<u><\/u><u><\/u><\/i><\/p>\n<p><i>Dichas finalidades se encuentran establecidas en nuestro aviso de privacidad que usted puede consultar en la siguiente direcci\u00f3n electr\u00f3nica\u00a0<a href=\"http:\/\/www.bienesybienes.com\/\" target=\"_blank\" rel=\"noopener\" data-saferedirecturl=\"https:\/\/www.google.com\/url?q=http:\/\/www.bienesybienes.com&amp;source=gmail&amp;ust=1704895400167000&amp;usg=AOvVaw0VQ6Mdh3bkDBKZpn5JJGzz\">www.bienesybienes.com<\/a>\u00a0o escribiendo al email\u00a0<\/i><a href=\"mailto:habeasdata@bienesybienes.com\" target=\"_blank\" rel=\"noopener\"><i>habeasdata@bienesybienes.com<\/i><\/a><i>\u00a0\u00a0<\/i><i>o si lo prefiere dirigir una comunicaci\u00f3n escrita a la direcci\u00f3n Calle 8 No.43 A 48 en la ciudad de Medell\u00edn<\/i><\/p>\n<\/div><div class=\"fusion-aligncenter\"><style type=\"text\/css\">.fusion-button.button-1 {border-radius:2px;}<\/style><a class=\"fusion-button button-flat fusion-button-default-size button-default button-1 fusion-button-default-span fusion-button-default-type\" target=\"_blank\" rel=\"noopener noreferrer\" href=\"https:\/\/bienesybienes.com\/portal\/wp-content\/uploads\/2024\/01\/P-JD-001-Procedimientos-para-la-proteccio\u0301n-de-datos-Aprobado.pdf\" style=\"margin-bottom:50px;\"><span class=\"fusion-button-text\">Descargar: Manual de Procedimientos para la protecci\u00f3n de datos<\/span><\/a><\/div><style type=\"text\/css\"><\/style><div class=\"fusion-title title fusion-title-3 fusion-title-center fusion-title-text fusion-title-size-two\" style=\"font-size:25px;margin-top:0px;margin-right:0px;margin-bottom:30px;margin-left:0px;\"><div class=\"title-sep-container title-sep-container-left\"><div class=\"title-sep sep-single sep-solid\" style=\"border-color:#e0dede;\"><\/div><\/div><h2 class=\"title-heading-center fusion-responsive-typography-calculated\" style=\"margin:0;font-size:1em;--fontSize:25;line-height:1.5;\">Conoce nuestros proyectos:<\/h2><div class=\"title-sep-container title-sep-container-right\"><div class=\"title-sep sep-single sep-solid\" style=\"border-color:#e0dede;\"><\/div><\/div><\/div><div class=\"fusion-image-carousel fusion-image-carousel-fixed fusion-carousel-border\"><div class=\"fusion-carousel\" data-autoplay=\"no\" data-columns=\"6\" data-itemmargin=\"10\" data-itemwidth=\"180\" data-touchscroll=\"no\" data-imagesize=\"fixed\"><div class=\"fusion-carousel-positioner\"><ul class=\"fusion-carousel-holder\"><li class=\"fusion-carousel-item\"><div class=\"fusion-carousel-item-wrapper\"><div class=\"fusion-image-wrapper hover-type-none\"><a href=\"http:\/\/bienesybienes.com\/portal\/ensenada-apartamentos-bello\/\" target=\"_self\"><img width=\"320\" height=\"202\" src=\"data:image\/svg+xml,%3Csvg%20xmlns%3D%27http%3A%2F%2Fwww.w3.org%2F2000%2Fsvg%27%20width%3D%27960%27%20height%3D%27600%27%20viewBox%3D%270%200%20960%20600%27%3E%3Crect%20width%3D%27960%27%20height%3D%27600%27%20fill-opacity%3D%220%22%2F%3E%3C%2Fsvg%3E\" class=\"attachment-blog-medium size-blog-medium lazyload\" alt=\"\" data-orig-src=\"https:\/\/bienesybienes.com\/portal\/wp-content\/uploads\/2022\/09\/Logotipo-Ensenada-960x600-1-320x202.jpg\" \/><\/a><\/div><\/div><\/li><li class=\"fusion-carousel-item\"><div class=\"fusion-carousel-item-wrapper\"><div class=\"fusion-image-wrapper hover-type-none\"><a href=\"http:\/\/bienesybienes.com\/portal\/camino-del-viento-apartamentos-bello\/\" target=\"_self\"><img width=\"320\" height=\"202\" src=\"https:\/\/bienesybienes.com\/portal\/wp-content\/uploads\/2017\/10\/NUEVO-LOGO-CAMINO-DEL-VIENTO-320x202.png\" class=\"attachment-blog-medium size-blog-medium lazyload\" alt=\"CAMINO DEL VIENTO - APARTAMENTOS EN BELLO\" srcset=\"data:image\/svg+xml,%3Csvg%20xmlns%3D%27http%3A%2F%2Fwww.w3.org%2F2000%2Fsvg%27%20width%3D%27960%27%20height%3D%27601%27%20viewBox%3D%270%200%20960%20601%27%3E%3Crect%20width%3D%27960%27%20height%3D%27601%27%20fill-opacity%3D%220%22%2F%3E%3C%2Fsvg%3E\" data-orig-src=\"https:\/\/bienesybienes.com\/portal\/wp-content\/uploads\/2017\/10\/NUEVO-LOGO-CAMINO-DEL-VIENTO-320x202.png\" data-srcset=\"https:\/\/bienesybienes.com\/portal\/wp-content\/uploads\/2017\/10\/NUEVO-LOGO-CAMINO-DEL-VIENTO-200x125.png 200w, https:\/\/bienesybienes.com\/portal\/wp-content\/uploads\/2017\/10\/NUEVO-LOGO-CAMINO-DEL-VIENTO-600x376.png 600w\" data-sizes=\"auto\" \/><\/a><\/div><\/div><\/li><li class=\"fusion-carousel-item\"><div class=\"fusion-carousel-item-wrapper\"><div class=\"fusion-image-wrapper hover-type-none\"><a href=\"http:\/\/bienesybienes.com\/portal\/pacifica-apartamentos-itagui\/\" target=\"_self\"><img width=\"320\" height=\"202\" src=\"data:image\/svg+xml,%3Csvg%20xmlns%3D%27http%3A%2F%2Fwww.w3.org%2F2000%2Fsvg%27%20width%3D%27960%27%20height%3D%27600%27%20viewBox%3D%270%200%20960%20600%27%3E%3Crect%20width%3D%27960%27%20height%3D%27600%27%20fill-opacity%3D%220%22%2F%3E%3C%2Fsvg%3E\" class=\"attachment-blog-medium size-blog-medium lazyload\" alt=\"\" data-orig-src=\"https:\/\/bienesybienes.com\/portal\/wp-content\/uploads\/2021\/08\/Logo-pacifica-320x202.jpg\" \/><\/a><\/div><\/div><\/li><li class=\"fusion-carousel-item\"><div class=\"fusion-carousel-item-wrapper\"><div class=\"fusion-image-wrapper hover-type-none\"><a href=\"http:\/\/bienesybienes.com\/portal\/bahia-grande-apartamentos-itagui\/\" target=\"_self\"><img width=\"320\" height=\"202\" src=\"data:image\/svg+xml,%3Csvg%20xmlns%3D%27http%3A%2F%2Fwww.w3.org%2F2000%2Fsvg%27%20width%3D%27960%27%20height%3D%27600%27%20viewBox%3D%270%200%20960%20600%27%3E%3Crect%20width%3D%27960%27%20height%3D%27600%27%20fill-opacity%3D%220%22%2F%3E%3C%2Fsvg%3E\" class=\"attachment-blog-medium size-blog-medium lazyload\" alt=\"APARTAMENTOS EN ITAG\u00dcI - BAHIA GRANDE\" data-orig-src=\"https:\/\/bienesybienes.com\/portal\/wp-content\/uploads\/2017\/03\/1_logo-bahia-grande-320x202.jpg\" \/><\/a><\/div><\/div><\/li><li class=\"fusion-carousel-item\"><div class=\"fusion-carousel-item-wrapper\"><div class=\"fusion-image-wrapper hover-type-none\"><a href=\"http:\/\/bienesybienes.com\/portal\/olivo-apartamentos-itagui\/\" target=\"_self\"><img width=\"320\" height=\"202\" src=\"data:image\/svg+xml,%3Csvg%20xmlns%3D%27http%3A%2F%2Fwww.w3.org%2F2000%2Fsvg%27%20width%3D%27960%27%20height%3D%27600%27%20viewBox%3D%270%200%20960%20600%27%3E%3Crect%20width%3D%27960%27%20height%3D%27600%27%20fill-opacity%3D%220%22%2F%3E%3C%2Fsvg%3E\" class=\"attachment-blog-medium size-blog-medium lazyload\" alt=\"\" data-orig-src=\"https:\/\/bienesybienes.com\/portal\/wp-content\/uploads\/2019\/10\/BB-Logo-Olivo-3-320x202.jpg\" \/><\/a><\/div><\/div><\/li><li class=\"fusion-carousel-item\"><div class=\"fusion-carousel-item-wrapper\"><div class=\"fusion-image-wrapper hover-type-none\"><a href=\"http:\/\/bienesybienes.com\/portal\/vitha-consultorios-y-oficinas-avenida-san-juan\/\" target=\"_self\"><img width=\"320\" height=\"202\" src=\"data:image\/svg+xml,%3Csvg%20xmlns%3D%27http%3A%2F%2Fwww.w3.org%2F2000%2Fsvg%27%20width%3D%27960%27%20height%3D%27600%27%20viewBox%3D%270%200%20960%20600%27%3E%3Crect%20width%3D%27960%27%20height%3D%27600%27%20fill-opacity%3D%220%22%2F%3E%3C%2Fsvg%3E\" class=\"attachment-blog-medium size-blog-medium lazyload\" alt=\"\" data-orig-src=\"https:\/\/bienesybienes.com\/portal\/wp-content\/uploads\/2018\/07\/vitha-960x600-1-320x202.jpg\" \/><\/a><\/div><\/div><\/li><\/ul><div class=\"fusion-carousel-nav\"><span class=\"fusion-nav-prev\"><\/span><span class=\"fusion-nav-next\"><\/span><\/div><\/div><\/div><\/div><div class=\"fusion-clearfix\"><\/div><\/div><\/div><\/div><style type=\"text\/css\">.fusion-fullwidth.fusion-builder-row-1 { overflow:visible; }<\/style><\/div>\n","protected":false},"excerpt":{"rendered":"","protected":false},"author":9,"featured_media":0,"parent":0,"menu_order":0,"comment_status":"open","ping_status":"closed","template":"","meta":{"content-type":"","om_disable_all_campaigns":false,"_mi_skip_tracking":false},"aioseo_notices":[],"yoast_head":"<!-- This site is optimized with the Yoast SEO plugin v18.0 - https:\/\/yoast.com\/wordpress\/plugins\/seo\/ -->\n<title>Pol\u00edtica de tratamiento de datos I Bienes &amp; Bienes Contructores<\/title>\n<meta name=\"description\" content=\"Conoce la Pol\u00edtica de tratamiento de datos de Bienes y Bienes Constructores, una empresa con m\u00e1s de 30 a\u00f1os de experiencia.\" \/>\n<meta name=\"robots\" content=\"index, follow, max-snippet:-1, max-image-preview:large, max-video-preview:-1\" \/>\n<link rel=\"canonical\" href=\"https:\/\/bienesybienes.com\/portal\/politica-de-tratamiento-de-datos\/\" \/>\n<meta property=\"og:locale\" content=\"es_ES\" \/>\n<meta property=\"og:type\" content=\"article\" \/>\n<meta property=\"og:title\" content=\"Pol\u00edtica de tratamiento de datos I Bienes &amp; Bienes Contructores\" \/>\n<meta property=\"og:description\" content=\"Conoce la Pol\u00edtica de tratamiento de datos de Bienes y Bienes Constructores, una empresa con m\u00e1s de 30 a\u00f1os de experiencia.\" \/>\n<meta property=\"og:url\" content=\"https:\/\/bienesybienes.com\/portal\/politica-de-tratamiento-de-datos\/\" \/>\n<meta property=\"og:site_name\" content=\"Bienes &amp; Bienes Constructores SA | Proyectos Inmobiliarios y Venta de Apartamentos Nuevos en Medell\u00edn\" \/>\n<meta property=\"article:publisher\" content=\"https:\/\/www.facebook.com\/BienesYBienesConstructores\/?fref=ts\" \/>\n<meta property=\"article:modified_time\" content=\"2024-01-23T13:57:04+00:00\" \/>\n<meta name=\"twitter:card\" content=\"summary\" \/>\n<meta name=\"twitter:label1\" content=\"Tiempo de lectura\" \/>\n\t<meta name=\"twitter:data1\" content=\"10 minutos\" \/>\n<script type=\"application\/ld+json\" class=\"yoast-schema-graph\">{\"@context\":\"https:\/\/schema.org\",\"@graph\":[{\"@type\":\"WebSite\",\"@id\":\"https:\/\/bienesybienes.com\/portal\/#website\",\"url\":\"https:\/\/bienesybienes.com\/portal\/\",\"name\":\"Bienes &amp; Bienes Constructores SA | Proyectos Inmobiliarios y Venta de Apartamentos Nuevos en Medell\u00edn\",\"description\":\"C\u00e1mbulo, apartamentos en venta desde 290 millones ubicados Rionegro, sector BarroBlanco.\",\"potentialAction\":[{\"@type\":\"SearchAction\",\"target\":{\"@type\":\"EntryPoint\",\"urlTemplate\":\"https:\/\/bienesybienes.com\/portal\/?s={search_term_string}\"},\"query-input\":\"required name=search_term_string\"}],\"inLanguage\":\"es\"},{\"@type\":\"WebPage\",\"@id\":\"https:\/\/bienesybienes.com\/portal\/politica-de-tratamiento-de-datos\/#webpage\",\"url\":\"https:\/\/bienesybienes.com\/portal\/politica-de-tratamiento-de-datos\/\",\"name\":\"Pol\u00edtica de tratamiento de datos I Bienes & Bienes Contructores\",\"isPartOf\":{\"@id\":\"https:\/\/bienesybienes.com\/portal\/#website\"},\"datePublished\":\"2017-03-30T16:44:12+00:00\",\"dateModified\":\"2024-01-23T13:57:04+00:00\",\"description\":\"Conoce la Pol\u00edtica de tratamiento de datos de Bienes y Bienes Constructores, una empresa con m\u00e1s de 30 a\u00f1os de experiencia.\",\"breadcrumb\":{\"@id\":\"https:\/\/bienesybienes.com\/portal\/politica-de-tratamiento-de-datos\/#breadcrumb\"},\"inLanguage\":\"es\",\"potentialAction\":[{\"@type\":\"ReadAction\",\"target\":[\"https:\/\/bienesybienes.com\/portal\/politica-de-tratamiento-de-datos\/\"]}]},{\"@type\":\"BreadcrumbList\",\"@id\":\"https:\/\/bienesybienes.com\/portal\/politica-de-tratamiento-de-datos\/#breadcrumb\",\"itemListElement\":[{\"@type\":\"ListItem\",\"position\":1,\"name\":\"Portada\",\"item\":\"https:\/\/bienesybienes.com\/portal\/\"},{\"@type\":\"ListItem\",\"position\":2,\"name\":\"Pol\u00edtica de tratamiento de datos\"}]}]}<\/script>\n<!-- \/ Yoast SEO plugin. -->","yoast_head_json":{"title":"Pol\u00edtica de tratamiento de datos I Bienes & Bienes Contructores","description":"Conoce la Pol\u00edtica de tratamiento de datos de Bienes y Bienes Constructores, una empresa con m\u00e1s de 30 a\u00f1os de experiencia.","robots":{"index":"index","follow":"follow","max-snippet":"max-snippet:-1","max-image-preview":"max-image-preview:large","max-video-preview":"max-video-preview:-1"},"canonical":"https:\/\/bienesybienes.com\/portal\/politica-de-tratamiento-de-datos\/","og_locale":"es_ES","og_type":"article","og_title":"Pol\u00edtica de tratamiento de datos I Bienes & Bienes Contructores","og_description":"Conoce la Pol\u00edtica de tratamiento de datos de Bienes y Bienes Constructores, una empresa con m\u00e1s de 30 a\u00f1os de experiencia.","og_url":"https:\/\/bienesybienes.com\/portal\/politica-de-tratamiento-de-datos\/","og_site_name":"Bienes &amp; Bienes Constructores SA | Proyectos Inmobiliarios y Venta de Apartamentos Nuevos en Medell\u00edn","article_publisher":"https:\/\/www.facebook.com\/BienesYBienesConstructores\/?fref=ts","article_modified_time":"2024-01-23T13:57:04+00:00","twitter_card":"summary","twitter_misc":{"Tiempo de lectura":"10 minutos"},"schema":{"@context":"https:\/\/schema.org","@graph":[{"@type":"WebSite","@id":"https:\/\/bienesybienes.com\/portal\/#website","url":"https:\/\/bienesybienes.com\/portal\/","name":"Bienes &amp; Bienes Constructores SA | Proyectos Inmobiliarios y Venta de Apartamentos Nuevos en Medell\u00edn","description":"C\u00e1mbulo, apartamentos en venta desde 290 millones ubicados Rionegro, sector BarroBlanco.","potentialAction":[{"@type":"SearchAction","target":{"@type":"EntryPoint","urlTemplate":"https:\/\/bienesybienes.com\/portal\/?s={search_term_string}"},"query-input":"required name=search_term_string"}],"inLanguage":"es"},{"@type":"WebPage","@id":"https:\/\/bienesybienes.com\/portal\/politica-de-tratamiento-de-datos\/#webpage","url":"https:\/\/bienesybienes.com\/portal\/politica-de-tratamiento-de-datos\/","name":"Pol\u00edtica de tratamiento de datos I Bienes & Bienes Contructores","isPartOf":{"@id":"https:\/\/bienesybienes.com\/portal\/#website"},"datePublished":"2017-03-30T16:44:12+00:00","dateModified":"2024-01-23T13:57:04+00:00","description":"Conoce la Pol\u00edtica de tratamiento de datos de Bienes y Bienes Constructores, una empresa con m\u00e1s de 30 a\u00f1os de experiencia.","breadcrumb":{"@id":"https:\/\/bienesybienes.com\/portal\/politica-de-tratamiento-de-datos\/#breadcrumb"},"inLanguage":"es","potentialAction":[{"@type":"ReadAction","target":["https:\/\/bienesybienes.com\/portal\/politica-de-tratamiento-de-datos\/"]}]},{"@type":"BreadcrumbList","@id":"https:\/\/bienesybienes.com\/portal\/politica-de-tratamiento-de-datos\/#breadcrumb","itemListElement":[{"@type":"ListItem","position":1,"name":"Portada","item":"https:\/\/bienesybienes.com\/portal\/"},{"@type":"ListItem","position":2,"name":"Pol\u00edtica de tratamiento de datos"}]}]}},"_links":{"self":[{"href":"https:\/\/bienesybienes.com\/portal\/wp-json\/wp\/v2\/pages\/14673"}],"collection":[{"href":"https:\/\/bienesybienes.com\/portal\/wp-json\/wp\/v2\/pages"}],"about":[{"href":"https:\/\/bienesybienes.com\/portal\/wp-json\/wp\/v2\/types\/page"}],"author":[{"embeddable":true,"href":"https:\/\/bienesybienes.com\/portal\/wp-json\/wp\/v2\/users\/9"}],"replies":[{"embeddable":true,"href":"https:\/\/bienesybienes.com\/portal\/wp-json\/wp\/v2\/comments?post=14673"}],"version-history":[{"count":20,"href":"https:\/\/bienesybienes.com\/portal\/wp-json\/wp\/v2\/pages\/14673\/revisions"}],"predecessor-version":[{"id":29990,"href":"https:\/\/bienesybienes.com\/portal\/wp-json\/wp\/v2\/pages\/14673\/revisions\/29990"}],"wp:attachment":[{"href":"https:\/\/bienesybienes.com\/portal\/wp-json\/wp\/v2\/media?parent=14673"}],"curies":[{"name":"wp","href":"https:\/\/api.w.org\/{rel}","templated":true}]}}