{"id":3496,"date":"2013-04-04T15:18:43","date_gmt":"2013-04-04T15:18:43","guid":{"rendered":"http:\/\/avada.theme-fusion.comxml\/?page_id=3496"},"modified":"2025-10-29T21:58:11","modified_gmt":"2025-10-30T02:58:11","slug":"quienes-somos","status":"publish","type":"page","link":"https:\/\/bienesybienes.com\/portal\/quienes-somos\/","title":{"rendered":"Qui\u00e9nes somos"},"content":{"rendered":"<p><div class=\"fusion-fullwidth fullwidth-box fusion-builder-row-1 hundred-percent-fullwidth non-hundred-percent-height-scrolling\" style=\"background-color: #ffffff;background-position: center center;background-repeat: no-repeat;padding-top:0px;padding-right:0px;padding-bottom:0px;padding-left:0px;margin-bottom: 0px;margin-top: 0px;border-width: 0px 0px 0px 0px;border-color:#eae9e9;border-style:solid;\" ><div class=\"fusion-builder-row fusion-row\"><div class=\"fusion-layout-column fusion_builder_column fusion-builder-column-0 fusion_builder_column_1_1 1_1 fusion-one-full fusion-column-first fusion-column-last\" style=\"margin-top:0px;margin-bottom:20px;\"><div class=\"fusion-column-wrapper fusion-flex-column-wrapper-legacy\" style=\"background-position:left top;background-blend-mode: overlay;background-repeat:no-repeat;-webkit-background-size:cover;-moz-background-size:cover;-o-background-size:cover;background-size:cover;padding: 0px 0px 0px 0px;\"><div class=\"fusion-text fusion-text-1\"><p>39 a\u00f1os contribuyendo de manera importante al desarrollo de la ciudad, aportando a la construcci\u00f3n, y realizaci\u00f3n de los sue\u00f1os de miles de colombianos.<\/p>\n<p>M\u00e1s de 30.000 viviendas construidas, m\u00e1s de 500 locales comerciales, m\u00e1s de 250 habitaciones de hotel, 128 consultorios y cl\u00ednica de 20.000 m\u00b2.<\/p>\n<p>Algunos de los proyectos m\u00e1s importantes son: One Plaza Business Center, parque comercial el Tesoro, Rivana business park, 35 Palms, La Strada, Hotel Estelar Blue, Hotel Holiday Inn Express, Cl\u00ednica Vitha, entre otros.<\/p>\n<p>Como inmobiliaria est\u00e1 afiliada a la Lonja de Propiedad Ra\u00edz de Medell\u00edn y como constructora a Camacol Antioquia, organizaciones que respaldan su solidez, calidad y compromiso.<\/p>\n<\/div><style type=\"text\/css\"><\/style><div class=\"fusion-title title fusion-title-1 fusion-title-center fusion-title-text fusion-title-size-two\" style=\"font-size:25px;margin-top:0px;margin-right:0px;margin-bottom:30px;margin-left:0px;\"><div class=\"title-sep-container title-sep-container-left\"><div class=\"title-sep sep-single sep-solid\" style=\"border-color:#e0dede;\"><\/div><\/div><h2 class=\"title-heading-center fusion-responsive-typography-calculated\" style=\"margin:0;font-size:1em;--fontSize:25;line-height:1.5;\">Bienes &amp; Bienes Constructores S.A. m\u00e1s de 39 a\u00f1os<\/h2><div class=\"title-sep-container title-sep-container-right\"><div class=\"title-sep sep-single sep-solid\" style=\"border-color:#e0dede;\"><\/div><\/div><\/div><div class=\"fusion-counters-box counters-box row fusion-clearfix fusion-columns-4\"><div class=\"fusion-counter-box fusion-column col-counter-box counter-box-wrapper col-lg-3 col-md-3 col-sm-3\" data-animationOffset=\"100%\"><div class=\"counter-box-container\" style=\"border: 1px solid #e0dede;\"><div class=\"content-box-percentage content-box-counter\" style=\"color:#006853;font-size:40px;line-height:normal;\"><i class=\"counter-box-icon fontawesome-icon fa-home fas\" style=\"font-size:50px;\" aria-hidden=\"true\"><\/i><span class=\"display-counter\" data-value=\"32000\" data-delimiter=\".\" data-direction=\"up\" data-decimals=\"0\">0<\/span><span class=\"unit\">+<\/span><\/div><div class=\"counter-box-content\" style=\"color:#747474;font-size:13px;\">Viviendas<\/div><\/div><\/div><div class=\"fusion-counter-box fusion-column col-counter-box counter-box-wrapper col-lg-3 col-md-3 col-sm-3\" data-animationOffset=\"100%\"><div class=\"counter-box-container\" style=\"border: 1px solid #e0dede;\"><div class=\"content-box-percentage content-box-counter\" style=\"color:#006853;font-size:40px;line-height:normal;\"><i class=\"counter-box-icon fontawesome-icon fa-tag fas\" style=\"font-size:50px;\" aria-hidden=\"true\"><\/i><span class=\"display-counter\" data-value=\"500\" data-delimiter=\".\" data-direction=\"up\" data-decimals=\"0\">0<\/span><span class=\"unit\">+<\/span><\/div><div class=\"counter-box-content\" style=\"color:#747474;font-size:13px;\">Locales<\/div><\/div><\/div><div class=\"fusion-counter-box fusion-column col-counter-box counter-box-wrapper col-lg-3 col-md-3 col-sm-3\" data-animationOffset=\"100%\"><div class=\"counter-box-container\" style=\"border: 1px solid #e0dede;\"><div class=\"content-box-percentage content-box-counter\" style=\"color:#006853;font-size:40px;line-height:normal;\"><i class=\"counter-box-icon fontawesome-icon fa fa-hospital-o\" style=\"font-size:50px;\" aria-hidden=\"true\"><\/i><span class=\"display-counter\" data-value=\"250\" data-delimiter=\".\" data-direction=\"up\" data-decimals=\"0\">0<\/span><span class=\"unit\">+<\/span><\/div><div class=\"counter-box-content\" style=\"color:#747474;font-size:13px;\">Habitaciones de hotel<\/div><\/div><\/div><div class=\"fusion-counter-box fusion-column col-counter-box counter-box-wrapper col-lg-3 col-md-3 col-sm-3\" data-animationOffset=\"100%\"><div class=\"counter-box-container\" style=\"border: 1px solid #e0dede;\"><div class=\"content-box-percentage content-box-counter\" style=\"color:#006853;font-size:40px;line-height:normal;\"><i class=\"counter-box-icon fontawesome-icon fa-building fas\" style=\"font-size:50px;\" aria-hidden=\"true\"><\/i><span class=\"display-counter\" data-value=\"128\" data-delimiter=\".\" data-direction=\"up\" data-decimals=\"0\">0<\/span><span class=\"unit\">+<\/span><\/div><div class=\"counter-box-content\" style=\"color:#747474;font-size:13px;\">Consultorios<\/div><\/div><\/div><\/div><div class=\"clearfix\"><\/div><div class=\"fusion-text fusion-text-2\"><p>Bienes &amp; Bienes Constructores S.A. se destaca por tener un enfoque global de la construcci\u00f3n, integrando las diferentes disciplinas y procesos desde la adquisici\u00f3n de tierras, dise\u00f1o, construcci\u00f3n, mercadeo, servicio de venta y atenci\u00f3n postventa de sus proyectos.<\/p>\n<p>A nivel internacional ha participado en ferias inmobiliarias en las ciudades de Miami, New York, Chicago, San Francisco, Houston, Dallas, Atlanta, Londres y Madrid, y actualmente cuenta con 9 representantes de ventas internacionales, con sede en Miami, New York, New Jersey, Atlanta, Barcelona, Madrid, Londres y Australia atendiendo las solicitudes de los colombianos residentes en el exterior.<\/p>\n<p>Como inmobiliaria est\u00e1 afiliada a la Lonja de Propiedad Ra\u00edz de Medell\u00edn y como constructora a Camacol Antioquia, organizaciones que respaldan su solidez, calidad y compromiso.<\/p>\n<h2 style=\"text-align: center;\"><b><u><span lang=\"ES\">POL\u00cdTICA DE CALIDAD<\/span><\/u><\/b><\/h2>\n<p style=\"font-weight: 400;\">En BIENES &amp; BIENES S.A., empresa CONSTRUCTORA e INMOBILIARIA, consideramos que nuestra pol\u00edtica de calidad se basa en personal competente, conocimiento, calidad de los materiales, buenas pr\u00e1cticas, cumplimiento de normas y aplicaci\u00f3n de los requerimientos t\u00e9cnicos, con el objetivo de desarrollar de forma\u00a0<strong>segura<\/strong>\u00a0y\u00a0<strong>confiable<\/strong>\u00a0para nuestros\u00a0<strong>clientes<\/strong>, proyectos urban\u00edsticos de vivienda, comerciales o mixtos.<\/p>\n<p style=\"font-weight: 400;\">Raz\u00f3n por la cual tenemos establecido un sistema de gesti\u00f3n de la calidad, que nos permite ser efectivos y mejorar continuamente, a trav\u00e9s de los siguientes pilares:<\/p>\n<ul>\n<li>Talento humano competente y comprometido con los valores organizacionales<\/li>\n<li>Innovaci\u00f3n<\/li>\n<li>Calidad de materiales<\/li>\n<li>Compromiso con la sostenibilidad y el cambio clim\u00e1tico, promoviendo eficiencia de recursos y la construcci\u00f3n responsable con menor impacto ambiental.<\/li>\n<\/ul>\n<h2 style=\"text-align: center;\"><b><u><span lang=\"ES\">POL\u00cdTICA AMBIENTAL<\/span><\/u><\/b><\/h2>\n<p style=\"font-weight: 400;\">Bienes &amp; Bienes S.A. es una empresa dedicada a la construcci\u00f3n, gerencia y ventas de<br \/>\nproyectos inmobiliarios, comprometida con la prevenci\u00f3n, mitigaci\u00f3n, correcci\u00f3n y<br \/>\ncompensaci\u00f3n de sus impactos ambientales, impulsando el cuidado de los recursos<br \/>\nnaturales y la adaptaci\u00f3n a los retos derivados del cambio clim\u00e1tico.<\/p>\n<p style=\"font-weight: 400;\">En coherencia con nuestro prop\u00f3sito, establecemos los siguientes principios:<\/p>\n<ul>\n<li>\u00a0Compromiso desde la alta gerencia<\/li>\n<li>Cumplimiento de los requisitos legales ambientales<\/li>\n<li>Evaluaci\u00f3n y gesti\u00f3n de riesgos y oportunidades asociados al cambio clim\u00e1tico<\/li>\n<li>Generar cultura y conciencia ambiental<\/li>\n<li>Integrar la gesti\u00f3n ambiental en cada uno de nuestros procesos<\/li>\n<li>Hacer uso racional de los recursos naturales e insumos<\/li>\n<\/ul>\n<\/div><div class=\"fusion-clearfix\"><\/div><\/div><\/div><div class=\"fusion-layout-column fusion_builder_column fusion-builder-column-1 fusion_builder_column_1_1 1_1 fusion-one-full fusion-column-first fusion-column-last\" style=\"margin-top:0px;margin-bottom:20px;\"><div class=\"fusion-column-wrapper fusion-flex-column-wrapper-legacy\" style=\"background-position:left top;background-blend-mode: overlay;background-repeat:no-repeat;-webkit-background-size:cover;-moz-background-size:cover;-o-background-size:cover;background-size:cover;padding: 0px 0px 0px 0px;\"><style type=\"text\/css\"><\/style><div class=\"fusion-title title fusion-title-2 fusion-title-center fusion-title-text fusion-title-size-two\" style=\"margin-top:0px;margin-right:0px;margin-bottom:30px;margin-left:0px;\"><div class=\"title-sep-container title-sep-container-left\"><div class=\"title-sep sep-single sep-solid\" style=\"border-color:#e0dede;\"><\/div><\/div><h2 class=\"title-heading-center fusion-responsive-typography-calculated\" style=\"margin:0;--fontSize:18;line-height:1.5;\">Sede principal<\/h2><div class=\"title-sep-container title-sep-container-right\"><div class=\"title-sep sep-single sep-solid\" style=\"border-color:#e0dede;\"><\/div><\/div><\/div><div class=\"fusion-text fusion-text-3\"><p><iframe style=\"border: 0;\" src=\"https:\/\/www.google.com\/maps\/embed?pb=!1m14!1m8!1m3!1d15865.64455609408!2d-75.5716973!3d6.2093792!3m2!1i1024!2i768!4f13.1!3m3!1m2!1s0x0%3A0xe8f34cab4f2e2ce1!2sBienes+%26+Bienes!5e0!3m2!1ses!2sco!4v1494337466868\" width=\"100%\" height=\"450\" frameborder=\"0\" allowfullscreen=\"allowfullscreen\"><\/iframe><\/p>\n<\/div><div class=\"fusion-clearfix\"><\/div><\/div><\/div><\/div><style type=\"text\/css\">.fusion-fullwidth.fusion-builder-row-1 { overflow:visible; }<\/style><\/div><div class=\"fusion-fullwidth fullwidth-box fusion-builder-row-2 nonhundred-percent-fullwidth non-hundred-percent-height-scrolling\" style=\"background-color: #ffffff;background-position: center center;background-repeat: no-repeat;padding-top:20px;padding-right:0px;padding-bottom:20px;padding-left:0px;margin-bottom: 0px;margin-top: 0px;border-width: 0px 0px 0px 0px;border-color:#eae9e9;border-style:solid;\" ><div class=\"fusion-builder-row fusion-row\"><div class=\"fusion-layout-column fusion_builder_column fusion-builder-column-2 fusion_builder_column_1_1 1_1 fusion-one-full fusion-column-first fusion-column-last\" style=\"margin-top:0px;margin-bottom:20px;\"><div class=\"fusion-column-wrapper fusion-flex-column-wrapper-legacy\" style=\"background-position:left top;background-repeat:no-repeat;-webkit-background-size:cover;-moz-background-size:cover;-o-background-size:cover;background-size:cover;padding: 0px 0px 0px 0px;\"><style type=\"text\/css\"><\/style><div class=\"fusion-title title fusion-title-3 fusion-title-center fusion-title-text fusion-title-size-two\" style=\"font-size:25px;margin-top:30px;margin-right:0px;margin-bottom:30px;margin-left:0px;\"><div class=\"title-sep-container title-sep-container-left\"><div class=\"title-sep sep-single sep-solid\" style=\"border-color:#e0dede;\"><\/div><\/div><h2 class=\"title-heading-center fusion-responsive-typography-calculated\" style=\"margin:0;font-size:1em;--fontSize:25;line-height:1.5;\">Selecciona tu proyecto<\/h2><div class=\"title-sep-container title-sep-container-right\"><div class=\"title-sep sep-single sep-solid\" style=\"border-color:#e0dede;\"><\/div><\/div><\/div><div class=\"fusion-image-carousel fusion-image-carousel-fixed fusion-carousel-border\"><div class=\"fusion-carousel\" data-autoplay=\"no\" data-columns=\"6\" data-itemmargin=\"10\" data-itemwidth=\"180\" data-touchscroll=\"no\" data-imagesize=\"fixed\"><div class=\"fusion-carousel-positioner\"><ul class=\"fusion-carousel-holder\"><li class=\"fusion-carousel-item\"><div class=\"fusion-carousel-item-wrapper\"><div class=\"fusion-image-wrapper hover-type-none\"><a href=\"https:\/\/bienesybienes.com\/portal\/terrah-apartamentos-en-sabaneta\/\" target=\"_self\"><img width=\"320\" height=\"202\" src=\"data:image\/svg+xml,%3Csvg%20xmlns%3D%27http%3A%2F%2Fwww.w3.org%2F2000%2Fsvg%27%20width%3D%27960%27%20height%3D%27600%27%20viewBox%3D%270%200%20960%20600%27%3E%3Crect%20width%3D%27960%27%20height%3D%27600%27%20fill-opacity%3D%220%22%2F%3E%3C%2Fsvg%3E\" class=\"attachment-blog-medium size-blog-medium lazyload\" alt=\"\" data-orig-src=\"https:\/\/bienesybienes.com\/portal\/wp-content\/uploads\/2024\/01\/logo960x600-320x202.jpg\" \/><\/a><\/div><\/div><\/li><li class=\"fusion-carousel-item\"><div class=\"fusion-carousel-item-wrapper\"><div class=\"fusion-image-wrapper hover-type-none\"><a href=\"http:\/\/bienesybienes.com\/portal\/ensenada-apartamentos-bello\/\" target=\"_self\"><img width=\"320\" height=\"202\" src=\"data:image\/svg+xml,%3Csvg%20xmlns%3D%27http%3A%2F%2Fwww.w3.org%2F2000%2Fsvg%27%20width%3D%27960%27%20height%3D%27600%27%20viewBox%3D%270%200%20960%20600%27%3E%3Crect%20width%3D%27960%27%20height%3D%27600%27%20fill-opacity%3D%220%22%2F%3E%3C%2Fsvg%3E\" class=\"attachment-blog-medium size-blog-medium lazyload\" alt=\"\" data-orig-src=\"https:\/\/bienesybienes.com\/portal\/wp-content\/uploads\/2022\/09\/Logotipo-Ensenada-960x600-1-320x202.jpg\" \/><\/a><\/div><\/div><\/li><li class=\"fusion-carousel-item\"><div class=\"fusion-carousel-item-wrapper\"><div class=\"fusion-image-wrapper hover-type-none\"><a href=\"http:\/\/bienesybienes.com\/portal\/camino-del-viento-apartamentos-bello\/\" target=\"_self\"><img width=\"320\" height=\"202\" src=\"https:\/\/bienesybienes.com\/portal\/wp-content\/uploads\/2020\/08\/Logo-320.jpg\" class=\"attachment-blog-medium size-blog-medium lazyload\" alt=\"\" srcset=\"data:image\/svg+xml,%3Csvg%20xmlns%3D%27http%3A%2F%2Fwww.w3.org%2F2000%2Fsvg%27%20width%3D%27320%27%20height%3D%27202%27%20viewBox%3D%270%200%20320%20202%27%3E%3Crect%20width%3D%27320%27%20height%3D%27202%27%20fill-opacity%3D%220%22%2F%3E%3C%2Fsvg%3E\" data-orig-src=\"https:\/\/bienesybienes.com\/portal\/wp-content\/uploads\/2020\/08\/Logo-320.jpg\" data-srcset=\"https:\/\/bienesybienes.com\/portal\/wp-content\/uploads\/2020\/08\/Logo-320-200x126.jpg 200w, https:\/\/bienesybienes.com\/portal\/wp-content\/uploads\/2020\/08\/Logo-320.jpg 320w\" data-sizes=\"auto\" \/><\/a><\/div><\/div><\/li><li class=\"fusion-carousel-item\"><div class=\"fusion-carousel-item-wrapper\"><div class=\"fusion-image-wrapper hover-type-none\"><a href=\"http:\/\/bienesybienes.com\/portal\/pacifica-apartamentos-itagui\/\" target=\"_self\"><img width=\"320\" height=\"202\" src=\"data:image\/svg+xml,%3Csvg%20xmlns%3D%27http%3A%2F%2Fwww.w3.org%2F2000%2Fsvg%27%20width%3D%272271%27%20height%3D%272251%27%20viewBox%3D%270%200%202271%202251%27%3E%3Crect%20width%3D%272271%27%20height%3D%272251%27%20fill-opacity%3D%220%22%2F%3E%3C%2Fsvg%3E\" class=\"attachment-blog-medium size-blog-medium lazyload\" alt=\"\" data-orig-src=\"https:\/\/bienesybienes.com\/portal\/wp-content\/uploads\/2021\/05\/pacifica-320x202.jpg\" \/><\/a><\/div><\/div><\/li><\/ul><div class=\"fusion-carousel-nav\"><span class=\"fusion-nav-prev\"><\/span><span class=\"fusion-nav-next\"><\/span><\/div><\/div><\/div><\/div><div class=\"fusion-clearfix\"><\/div><\/div><\/div><\/div><\/div><\/p>\n","protected":false},"excerpt":{"rendered":"","protected":false},"author":9,"featured_media":18980,"parent":0,"menu_order":0,"comment_status":"open","ping_status":"closed","template":"","meta":{"content-type":"","om_disable_all_campaigns":false,"_mi_skip_tracking":false},"aioseo_notices":[],"yoast_head":"<!-- This site is optimized with the Yoast SEO plugin v18.0 - https:\/\/yoast.com\/wordpress\/plugins\/seo\/ -->\n<title>Qui\u00e9nes somos I Compa\u00f1ia Bienes &amp; Bienes Constructores<\/title>\n<meta name=\"description\" content=\"Bienes y Bienes es una empresa constructora e inmobiliaria con m\u00e1s de 30 a\u00f1os de experiencia en la venta de proyectos de vivienda, oficinas y otros.\" \/>\n<meta name=\"robots\" content=\"index, follow, max-snippet:-1, max-image-preview:large, max-video-preview:-1\" \/>\n<link rel=\"canonical\" href=\"https:\/\/bienesybienes.com\/portal\/quienes-somos\/\" \/>\n<meta property=\"og:locale\" content=\"es_ES\" \/>\n<meta property=\"og:type\" content=\"article\" \/>\n<meta property=\"og:title\" content=\"Qui\u00e9nes somos I Compa\u00f1ia Bienes &amp; Bienes Constructores\" \/>\n<meta property=\"og:description\" content=\"Bienes y Bienes es una empresa constructora e inmobiliaria con m\u00e1s de 30 a\u00f1os de experiencia en la venta de proyectos de vivienda, oficinas y otros.\" \/>\n<meta property=\"og:url\" content=\"https:\/\/bienesybienes.com\/portal\/quienes-somos\/\" \/>\n<meta property=\"og:site_name\" content=\"Bienes &amp; Bienes Constructores SA | Proyectos Inmobiliarios y Venta de Apartamentos Nuevos en Medell\u00edn\" \/>\n<meta property=\"article:publisher\" content=\"https:\/\/www.facebook.com\/BienesYBienesConstructores\/?fref=ts\" \/>\n<meta property=\"article:modified_time\" content=\"2025-10-30T02:58:11+00:00\" \/>\n<meta property=\"og:image\" content=\"https:\/\/bienesybienes.com\/portal\/wp-content\/uploads\/2018\/07\/Imagen-Destacada_general.jpg\" \/>\n\t<meta property=\"og:image:width\" content=\"1200\" \/>\n\t<meta property=\"og:image:height\" content=\"630\" \/>\n\t<meta property=\"og:image:type\" content=\"image\/jpeg\" \/>\n<meta name=\"twitter:card\" content=\"summary\" \/>\n<meta name=\"twitter:label1\" content=\"Tiempo de lectura\" \/>\n\t<meta name=\"twitter:data1\" content=\"7 minutos\" \/>\n<script type=\"application\/ld+json\" class=\"yoast-schema-graph\">{\"@context\":\"https:\/\/schema.org\",\"@graph\":[{\"@type\":\"WebSite\",\"@id\":\"https:\/\/bienesybienes.com\/portal\/#website\",\"url\":\"https:\/\/bienesybienes.com\/portal\/\",\"name\":\"Bienes &amp; Bienes Constructores SA | Proyectos Inmobiliarios y Venta de Apartamentos Nuevos en Medell\u00edn\",\"description\":\"C\u00e1mbulo, apartamentos en venta desde 290 millones ubicados Rionegro, sector BarroBlanco.\",\"potentialAction\":[{\"@type\":\"SearchAction\",\"target\":{\"@type\":\"EntryPoint\",\"urlTemplate\":\"https:\/\/bienesybienes.com\/portal\/?s={search_term_string}\"},\"query-input\":\"required name=search_term_string\"}],\"inLanguage\":\"es\"},{\"@type\":\"ImageObject\",\"@id\":\"https:\/\/bienesybienes.com\/portal\/quienes-somos\/#primaryimage\",\"inLanguage\":\"es\",\"url\":\"https:\/\/bienesybienes.com\/portal\/wp-content\/uploads\/2018\/07\/Imagen-Destacada_general.jpg\",\"contentUrl\":\"https:\/\/bienesybienes.com\/portal\/wp-content\/uploads\/2018\/07\/Imagen-Destacada_general.jpg\",\"width\":1200,\"height\":630,\"caption\":\"BIENES Y BIENES\"},{\"@type\":\"WebPage\",\"@id\":\"https:\/\/bienesybienes.com\/portal\/quienes-somos\/#webpage\",\"url\":\"https:\/\/bienesybienes.com\/portal\/quienes-somos\/\",\"name\":\"Qui\u00e9nes somos I Compa\u00f1ia Bienes & Bienes Constructores\",\"isPartOf\":{\"@id\":\"https:\/\/bienesybienes.com\/portal\/#website\"},\"primaryImageOfPage\":{\"@id\":\"https:\/\/bienesybienes.com\/portal\/quienes-somos\/#primaryimage\"},\"datePublished\":\"2013-04-04T15:18:43+00:00\",\"dateModified\":\"2025-10-30T02:58:11+00:00\",\"description\":\"Bienes y Bienes es una empresa constructora e inmobiliaria con m\u00e1s de 30 a\u00f1os de experiencia en la venta de proyectos de vivienda, oficinas y otros.\",\"breadcrumb\":{\"@id\":\"https:\/\/bienesybienes.com\/portal\/quienes-somos\/#breadcrumb\"},\"inLanguage\":\"es\",\"potentialAction\":[{\"@type\":\"ReadAction\",\"target\":[\"https:\/\/bienesybienes.com\/portal\/quienes-somos\/\"]}]},{\"@type\":\"BreadcrumbList\",\"@id\":\"https:\/\/bienesybienes.com\/portal\/quienes-somos\/#breadcrumb\",\"itemListElement\":[{\"@type\":\"ListItem\",\"position\":1,\"name\":\"Portada\",\"item\":\"https:\/\/bienesybienes.com\/portal\/\"},{\"@type\":\"ListItem\",\"position\":2,\"name\":\"Qui\u00e9nes somos\"}]}]}<\/script>\n<!-- \/ Yoast SEO plugin. -->","yoast_head_json":{"title":"Qui\u00e9nes somos I Compa\u00f1ia Bienes & Bienes Constructores","description":"Bienes y Bienes es una empresa constructora e inmobiliaria con m\u00e1s de 30 a\u00f1os de experiencia en la venta de proyectos de vivienda, oficinas y otros.","robots":{"index":"index","follow":"follow","max-snippet":"max-snippet:-1","max-image-preview":"max-image-preview:large","max-video-preview":"max-video-preview:-1"},"canonical":"https:\/\/bienesybienes.com\/portal\/quienes-somos\/","og_locale":"es_ES","og_type":"article","og_title":"Qui\u00e9nes somos I Compa\u00f1ia Bienes & Bienes Constructores","og_description":"Bienes y Bienes es una empresa constructora e inmobiliaria con m\u00e1s de 30 a\u00f1os de experiencia en la venta de proyectos de vivienda, oficinas y otros.","og_url":"https:\/\/bienesybienes.com\/portal\/quienes-somos\/","og_site_name":"Bienes &amp; Bienes Constructores SA | Proyectos Inmobiliarios y Venta de Apartamentos Nuevos en Medell\u00edn","article_publisher":"https:\/\/www.facebook.com\/BienesYBienesConstructores\/?fref=ts","article_modified_time":"2025-10-30T02:58:11+00:00","og_image":[{"width":1200,"height":630,"url":"https:\/\/bienesybienes.com\/portal\/wp-content\/uploads\/2018\/07\/Imagen-Destacada_general.jpg","type":"image\/jpeg"}],"twitter_card":"summary","twitter_misc":{"Tiempo de lectura":"7 minutos"},"schema":{"@context":"https:\/\/schema.org","@graph":[{"@type":"WebSite","@id":"https:\/\/bienesybienes.com\/portal\/#website","url":"https:\/\/bienesybienes.com\/portal\/","name":"Bienes &amp; Bienes Constructores SA | Proyectos Inmobiliarios y Venta de Apartamentos Nuevos en Medell\u00edn","description":"C\u00e1mbulo, apartamentos en venta desde 290 millones ubicados Rionegro, sector BarroBlanco.","potentialAction":[{"@type":"SearchAction","target":{"@type":"EntryPoint","urlTemplate":"https:\/\/bienesybienes.com\/portal\/?s={search_term_string}"},"query-input":"required name=search_term_string"}],"inLanguage":"es"},{"@type":"ImageObject","@id":"https:\/\/bienesybienes.com\/portal\/quienes-somos\/#primaryimage","inLanguage":"es","url":"https:\/\/bienesybienes.com\/portal\/wp-content\/uploads\/2018\/07\/Imagen-Destacada_general.jpg","contentUrl":"https:\/\/bienesybienes.com\/portal\/wp-content\/uploads\/2018\/07\/Imagen-Destacada_general.jpg","width":1200,"height":630,"caption":"BIENES Y BIENES"},{"@type":"WebPage","@id":"https:\/\/bienesybienes.com\/portal\/quienes-somos\/#webpage","url":"https:\/\/bienesybienes.com\/portal\/quienes-somos\/","name":"Qui\u00e9nes somos I Compa\u00f1ia Bienes & Bienes Constructores","isPartOf":{"@id":"https:\/\/bienesybienes.com\/portal\/#website"},"primaryImageOfPage":{"@id":"https:\/\/bienesybienes.com\/portal\/quienes-somos\/#primaryimage"},"datePublished":"2013-04-04T15:18:43+00:00","dateModified":"2025-10-30T02:58:11+00:00","description":"Bienes y Bienes es una empresa constructora e inmobiliaria con m\u00e1s de 30 a\u00f1os de experiencia en la venta de proyectos de vivienda, oficinas y otros.","breadcrumb":{"@id":"https:\/\/bienesybienes.com\/portal\/quienes-somos\/#breadcrumb"},"inLanguage":"es","potentialAction":[{"@type":"ReadAction","target":["https:\/\/bienesybienes.com\/portal\/quienes-somos\/"]}]},{"@type":"BreadcrumbList","@id":"https:\/\/bienesybienes.com\/portal\/quienes-somos\/#breadcrumb","itemListElement":[{"@type":"ListItem","position":1,"name":"Portada","item":"https:\/\/bienesybienes.com\/portal\/"},{"@type":"ListItem","position":2,"name":"Qui\u00e9nes somos"}]}]}},"_links":{"self":[{"href":"https:\/\/bienesybienes.com\/portal\/wp-json\/wp\/v2\/pages\/3496"}],"collection":[{"href":"https:\/\/bienesybienes.com\/portal\/wp-json\/wp\/v2\/pages"}],"about":[{"href":"https:\/\/bienesybienes.com\/portal\/wp-json\/wp\/v2\/types\/page"}],"author":[{"embeddable":true,"href":"https:\/\/bienesybienes.com\/portal\/wp-json\/wp\/v2\/users\/9"}],"replies":[{"embeddable":true,"href":"https:\/\/bienesybienes.com\/portal\/wp-json\/wp\/v2\/comments?post=3496"}],"version-history":[{"count":57,"href":"https:\/\/bienesybienes.com\/portal\/wp-json\/wp\/v2\/pages\/3496\/revisions"}],"predecessor-version":[{"id":31329,"href":"https:\/\/bienesybienes.com\/portal\/wp-json\/wp\/v2\/pages\/3496\/revisions\/31329"}],"wp:featuredmedia":[{"embeddable":true,"href":"https:\/\/bienesybienes.com\/portal\/wp-json\/wp\/v2\/media\/18980"}],"wp:attachment":[{"href":"https:\/\/bienesybienes.com\/portal\/wp-json\/wp\/v2\/media?parent=3496"}],"curies":[{"name":"wp","href":"https:\/\/api.w.org\/{rel}","templated":true}]}}